{"id":100,"date":"2025-12-10T20:41:14","date_gmt":"2025-12-10T20:41:14","guid":{"rendered":"https:\/\/jfbazin.eu\/?post_type=product&#038;p=100"},"modified":"2025-12-10T20:45:50","modified_gmt":"2025-12-10T20:45:50","slug":"exemption-de-taxes-provinciales","status":"publish","type":"product","link":"https:\/\/jfbazin.eu\/?product=exemption-de-taxes-provinciales","title":{"rendered":"Exemption de Taxes Provinciales"},"content":{"rendered":"<p>Ce plugin supprime la PST dans certains cas,la boutique choisit de nommer les b\u00e9n\u00e9ficiaires dans une liste de courriels. La PST passe \u00e0 0%, il reste seulement la GST (gst-only)<\/p>\n","protected":false},"excerpt":{"rendered":"<p>Ce plugin supprime la PST dans certains cas,la boutique choisit de nommer les b\u00e9n\u00e9ficiaires dans une liste de courriels. La PST passe \u00e0 0%, il reste seulement la GST (gst-only)<\/p>\n","protected":false},"featured_media":0,"comment_status":"open","ping_status":"closed","template":"","meta":[],"product_brand":[],"product_cat":[20],"product_tag":[],"class_list":{"0":"post-100","1":"product","2":"type-product","3":"status-publish","5":"product_cat-non-classe","7":"first","8":"instock","9":"downloadable","10":"virtual","11":"sold-individually","12":"purchasable","13":"product-type-simple"},"_links":{"self":[{"href":"https:\/\/jfbazin.eu\/index.php?rest_route=\/wp\/v2\/product\/100","targetHints":{"allow":["GET"]}}],"collection":[{"href":"https:\/\/jfbazin.eu\/index.php?rest_route=\/wp\/v2\/product"}],"about":[{"href":"https:\/\/jfbazin.eu\/index.php?rest_route=\/wp\/v2\/types\/product"}],"replies":[{"embeddable":true,"href":"https:\/\/jfbazin.eu\/index.php?rest_route=%2Fwp%2Fv2%2Fcomments&post=100"}],"wp:attachment":[{"href":"https:\/\/jfbazin.eu\/index.php?rest_route=%2Fwp%2Fv2%2Fmedia&parent=100"}],"wp:term":[{"taxonomy":"product_brand","embeddable":true,"href":"https:\/\/jfbazin.eu\/index.php?rest_route=%2Fwp%2Fv2%2Fproduct_brand&post=100"},{"taxonomy":"product_cat","embeddable":true,"href":"https:\/\/jfbazin.eu\/index.php?rest_route=%2Fwp%2Fv2%2Fproduct_cat&post=100"},{"taxonomy":"product_tag","embeddable":true,"href":"https:\/\/jfbazin.eu\/index.php?rest_route=%2Fwp%2Fv2%2Fproduct_tag&post=100"}],"curies":[{"name":"wp","href":"https:\/\/api.w.org\/{rel}","templated":true}]}}